161 + 51. What is the units digit of y?
2
Suppose 3*h + 5*u = -0*h + 397, 5*h = 3*u + 673. What is the units digit of h?
4
Let q = -2 - -6. Suppose -l - 15 = q*l. Let k = l - -12. What is the units digit of k?
9
Let i = -12 - -18. Suppose i = 2*v + 4. What is the units digit of v?
1
Suppose 5*v - 4*l = -112, -v - 4 - 28 = -4*l. Let a be (v/6)/((-1)/6). Suppose -5*w + w = -a. What is the units digit of w?
5
Let d(n) = n**2 - 3*n - 2. Let s(f) = -f**2 - f - 1. Let i(p) = -d(p) - 2*s(p). Let j be i(-5). Suppose -4*o + j = -3*o. What is the units digit of o?
4
Let n(o) = -o**3 - 3*o**2 - o - 2. Let j be n(-3). Suppose k - j = 1. What is the units digit of k?
2
Let a = -82 - -138. What is the units digit of (-2)/(-8) - (-2450)/a?
4
Let s(r) = r**2 - 2*r - 7. What is the units digit of s(-6)?
1
Suppose 3*x = -4*v + 89, 5*v = -x + 86 + 39. Let g be 34/8 + (-1)/4. Suppose -v = -g*j + 2. What is the units digit of j?
7
Let a be -5 - 5 - (0 - 2). Let j be (-91)/(-5) - 1/5. Let g = a + j. What is the tens digit of g?
1
Let i be ((-56)/10)/(18/(-45)). Suppose -2 = -r + i. What is the tens digit of r?
1
Let n(m) = 5*m + 3. Let s be (-6)/(-4) + 6/4. What is the tens digit of n(s)?
1
Let j be (30/(-4))/((-2)/4). Suppose -10*t + j*t = 5. What is the units digit of t?
1
Let a(h) = -h**2 + 12*h - 6. Let c be a(5). Suppose 8 = 2*o + 2*o, 3*g - c = 5*o. What is the tens digit of g?
1
Suppose 5*s = -15, a + 4*s = 41 - 3. What is the tens digit of a?
5
Let p = 2 - -1. Suppose 3*n = 5*i + 15, p*n + 2*i = -n - 6. What is the units digit of 2 + n + (-9)/(-3)?
5
Suppose -t + 4*h = 5 + 1, 5*t = 4*h - 14. Let x(o) = -2*o**3 + o + 2. What is the units digit of x(t)?
6
Suppose -3*n = -15, 0*n - 3*n + 555 = 3*g. Suppose -2*j - 2*j = -g. What is the tens digit of j?
4
What is the tens digit of (7/14)/((-2)/(-152))?
3
Suppose 2*a = -5*h + 4*a, 0 = 5*a. Suppose 2 = 2*b - h*b. Suppose -4*w - b + 13 = 0. What is the units digit of w?
3
Suppose 3*y + 12 = -y. Let o = 4 + y. Suppose 11 = 5*r + 3*d, 2*r + d - 5 = -o. What is the units digit of r?
1
Suppose -3*o = 2*o - 4*n + 31, 0 = -o - 3*n + 9. Let w(r) = r**2 + r + 2. What is the units digit of w(o)?
8
Let u(l) = -2 - 9*l - 5 + 2 - l**2. Let z be 44/(-6) + (-7)/(-21). What is the units digit of u(z)?
9
Let m(n) = -8*n + 6*n - 8*n. What is the tens digit of m(-1)?
1
Let v be (2 + 10/(-4))*0. What is the units digit of 4 + -1 + v - 2?
1
Suppose -s + 11 = 5. Let t(o) = o**3 - 5*o**2 - 4*o + 1. What is the units digit of t(s)?
3
Let j = 94 - 60. Suppose 0 = -3*g + 11 + j. What is the tens digit of g?
1
Let z be -8*((-9)/(-12))/(-3). Suppose z*q = -3*q + 125. What is the units digit of q?
5
Let t(d) = d**2 - 2*d + 3. Let r be t(3). Suppose 0 = 2*b - r, -2*x = -3*x - 4*b + 69. What is the tens digit of x?
5
Suppose 2 = -4*m - 6. Suppose 4*h - h = 3. Let q = h - m. What is the units digit of q?
3
Let x(t) = t + 3. Let v be x(4). Let c = 22 - v. What is the tens digit of c?
1
Let c be 5 - (-1 + -1 - -1). Suppose -2*y - y = -c. What is the units digit of y?
2
What is the units digit of (-4 - -15) + 2/1?
3
Let g(w) = -w**2 - 5*w + 10. Let n(k) = k**2 + 4*k - 9. Let v(i) = 6*g(i) + 7*n(i). Suppose -5*d - 8 = t, 5*t - 1 = 3*d + 15. What is the units digit of v(d)?
5
Suppose -3*l + 0*l + 4*r = 1, 0 = -2*r + 2. Let j(i) = -i**2 - 1. Let a be j(l). Let o = -1 - a. What is the units digit of o?
1
Let r(x) = -53*x + 8. What is the tens digit of r(-2)?
1
Let c = -5 + 9. Let f(a) = 4*a - 4. What is the units digit of f(c)?
2
Suppose -2*k + 35 = -83. What is the units digit of k?
9
Suppose 4 = -0*h + 2*h. Suppose 5*v - 6 = h*v. What is the units digit of v?
2
What is the units digit of 74/4 - 3/(-6)?
9
Let x(h) = h**3 + 6*h**2 + 4*h - 9. What is the units digit of x(-3)?
6
Let l be (-2 - -11 - -1)/1. Suppose -4*d = -85 + 9. Let h = d - l. What is the units digit of h?
9
Suppose 0 = -3*f - 3*f + 312. What is the tens digit of f?
5
Let t(c) = -2*c - 12. Let h = -23 + 14. What is the units digit of t(h)?
6
Let m(s) = -4*s. Let b(q) = 7*q - 7. Let h(y) = 4*y - 4. Let p(o) = -3*b(o) + 5*h(o). Let r(x) = -m(x) + 5*p(x). What is the units digit of r(-5)?
0
Let o = 0 + -7. Let h = o + 9. What is the units digit of h?
2
Suppose 155 = 3*t + 2*p, 2*t - 28 = 4*p + 70. Suppose g - t = -2*g. What is the units digit of g?
7
Suppose 4*m = 5*f + 208, -m - 2*f = f - 52. What is the units digit of m?
2
Suppose 4*t - 3*s = 81, 3*s + 2*s = -2*t + 47. Suppose -b - 2*g = -0*g - t, 5*b - 30 = 5*g. What is the units digit of b?
1
Suppose 0 = -4*p - l + 472, -2*p + l = -0*p - 230. What is the tens digit of p?
1
Suppose 3*a = -3*w - 9, -5*a = -5*w - 5 + 10. Let s be a/(-9) + (-28)/(-36). What is the tens digit of (1/2 - s)*-26?
1
Let s(c) = 3*c**2 - 3*c. Let r(f) = 3*f**2 - 4*f. Let u(t) = -4*r(t) + 5*s(t). Let h be u(1). What is the units digit of ((-2)/h)/(1/(-4))?
2
Let h = -137 + 196. Let q = h - 36. What is the units digit of q?
3
Let s = -123 + 287. What is the units digit of s?
4
What is the units digit of ((-5)/(-5) + (-19)/5)*-40?
2
Suppose 3*x = 1 - 10. Let h = x - -6. What is the units digit of h?
3
Let p be (54 - 1) + 4/(-4). Suppose a - p = -3*a. What is the tens digit of a?
1
Suppose -2*r + 1859 = 9*r. What is the hundreds digit of r?
1
Let q(v) = -13*v + 377. What is the units digit of q(0)?
7
Suppose 0 = 2*z - 4*z + 6, 2*y - 5*z + 15 = 0. Let l(d) = 0*d + 5 - 3 + y + 2*d. What is the units digit of l(5)?
2
Let c = -9 - -13. Suppose 21 = a - 2*a + 5*m, a + c*m - 24 = 0. Suppose 7*d - a*d = 24. What is the units digit of d?
8
Let b = -8 + 12. Suppose -b*s = -2*s. Suppose -4*j + 3 + 17 = s. What is the units digit of j?
5
Let l(u) = -7*u + 5. Let i be l(3). Let j = i + 45. What is the tens digit of j?
2
Let m = 142 + -73. Suppose -x - 2*x = -m. What is the units digit of x?
3
What is the tens digit of 1575/36 + (-1)/(-4)?
4
Let y be (-2)/3 - 5269/(-33). Suppose 4*i + 11 - y = 0. What is the units digit of i?
7
Let h(b) be the second derivative of 1/3*b**3 + 2*b + 1/12*b**4 + 0 + 3/2*b**2. What is the units digit of h(-4)?
1
Let c = -2 - -67. What is the units digit of c?
5
Let f = 97 - -169. What is the hundreds digit of f?
2
Let u be 6 + -1 - (2 - 0). Suppose u*z = 7*z - 24. What is the units digit of z?
6
Let q be ((-2)/(-6))/(3/(-9)). Let t = 7 + q. What is the units digit of t?
6
What is the tens digit of (-5)/(-10) + (-173)/(-2)?
8
What is the hundreds digit of (-8)/10*775/(-5)?
1
Let p(k) = k**2 + 5*k + 1. What is the units digit of p(-6)?
7
Suppose c - 651 = -5*w - 262, -3*c + 89 = w. What is the tens digit of w?
7
Let l = -13 + 20. Suppose 2*i - 38 = 4*w, -i + l = -0*i + w. What is the tens digit of i?
1
Let o(w) = 12*w - 50. What is the units digit of o(5)?
0
Suppose -4*q = -5*q - 3. Let x(g) = -g**2 + 3*g + 2. Let s be x(q). Let r = 23 + s. What is the units digit of r?
7
Suppose 0 = -3*z + 9, 2*o + 0*o + 2*z - 22 = 0. Suppose o*w - 12*w + 4 = 0. What is the units digit of w?
1
Let z be 2/(-8) + 343/28. What is the tens digit of z/(-4) - 45/(-3)?
1
Suppose 9*z - 7*z = -6. What is the units digit of 6/(z*(-4)/18)?
9
Let v(q) = -q**2 - 4*q - 7. Let o be v(-5). Let x = 29 + o. What is the units digit of x?
7
Let o(c) = -c**2 - 10*c - 7. Let a be o(-9). Suppose v + 4*g = -3, 0*v = a*v + 2*g - 24. What is the units digit of v?
7
Let f be ((-4)/(-12))/(2/18). Suppose -2*p + 19 = 5*y, -2*y - 1 = p - f*y. Suppose p*m - 3*c = m - 4, 2*m = 2*c. What is the units digit of m?
2
Let i = 0 + 2. Let x(n) = 1 + i*n + 0*n - n. What is the units digit of x(1)?
2
Let b(s) = 5*s**2 - 13*s + 4. Let k(m) = 3*m**2 - 9*m + 3. Suppose 2*q + 10 + 0 = 0. Let i(c) = q*b(c) + 8*k(c). What is the units digit of i(-7)?
4
Suppose 0 = 5*z - 7*z + 46. What is the units digit of z?
3
Let n = 15 + -9. What is the units digit of ((-108)/(-42))/(n/112)?
8
Suppose -490 = -3*q + 131. Suppose 3*j - 45 - q = 0. Suppose j = 2*h + 2*h. What is the units digit of h?
1
Let f = 25 + -5. Suppose 5*n - f = 35. What is the units digit of n?
1
Let m(p) = -2*p + 49. What is the tens digit of m(0)?
4
Let a(o) be the second derivative of o**4/12 - 11*o**3/6 + 15*o**2/2 - 3*o. What is the units digit of a(10)?
5
Suppose -b + 3 + 3 = 3*i, b + 4*i - 7 = 0. Suppose -b*y + 19 = -14. What is the tens digit